{"id":10508,"date":"2015-06-10T03:42:40","date_gmt":"2015-06-10T03:42:40","guid":{"rendered":"https:\/\/pruebas-portal.mph.cl\/?page_id=10508"},"modified":"2015-06-10T04:18:31","modified_gmt":"2015-06-10T04:18:31","slug":"funcionarios","status":"publish","type":"page","link":"https:\/\/pruebas-portal.mph.cl\/?page_id=10508","title":{"rendered":"Funcionarios"},"content":{"rendered":"<p><b>\u00a0<\/b><\/p>\n<table border=\"1\" width=\"100%\" cellspacing=\"0\" cellpadding=\"0\">\n<tbody>\n<tr>\n<td width=\"253\">\n<p align=\"center\"><b>CARGO<\/b><\/p>\n<\/td>\n<td width=\"159\">\n<p align=\"center\"><b>FUNCIONARIO<\/b><\/p>\n<\/td>\n<td valign=\"top\" width=\"108\">\n<p align=\"center\"><b>TEL\u00c9FONO<\/b><\/p>\n<\/td>\n<\/tr>\n<tr>\n<td width=\"253\">JUEZ TITULAR<\/td>\n<td width=\"159\">Francisco Villarroel Faba<\/td>\n<td valign=\"top\" width=\"108\"><\/td>\n<\/tr>\n<tr>\n<td width=\"253\">SECRETARIO ABOGADO<\/td>\n<td width=\"159\">Luis Castillo Orellana<\/td>\n<td valign=\"top\" width=\"108\">(022) 4306164<\/td>\n<\/tr>\n<tr>\n<td width=\"253\">OFICIAL PRIMERO Y ACTUARIO (accidente de Tr\u00e1nsito)<\/td>\n<td width=\"159\">Claudia Merino Rubio<\/td>\n<td valign=\"top\" width=\"108\">\n<p align=\"center\">(022) 4306159<\/p>\n<\/td>\n<\/tr>\n<tr>\n<td width=\"253\">ACTUARIO\u00a0(accidente de Tr\u00e1nsito, protecci\u00f3n al consumidor)<\/td>\n<td width=\"159\">Ang\u00e9lica Hern\u00e1ndez Oyarz\u00fan<\/td>\n<td valign=\"top\" width=\"108\">(022) 4306158<\/td>\n<\/tr>\n<tr>\n<td width=\"253\">ACTUARIO\u00a0(lInf. Ordenanza Municipal y D.L. N\u00ba 3063 Ley de Rentas Municipales, y acum. de infracciones)<\/td>\n<td width=\"159\">Katherine Cer\u00f3n V\u00e1squez<\/td>\n<td valign=\"top\" width=\"108\">(022) 4306156<\/td>\n<\/tr>\n<tr>\n<td width=\"253\">ACTUARIO\u00a0(Infracci\u00f3n Ley de Alcoholes N\u00ba 19.925)<\/td>\n<td width=\"159\">Roxana Paillaqueo Poblete<\/td>\n<td valign=\"top\" width=\"108\">(022) 4306157<\/td>\n<\/tr>\n<tr>\n<td width=\"253\">ATENCI\u00d3N DE P\u00daBLICO mes\u00f3n<\/td>\n<td width=\"159\">Karina Hidalgo Ovalle<\/td>\n<td valign=\"top\" width=\"108\">(022) 4306155<\/td>\n<\/tr>\n<tr>\n<td width=\"253\">ATENCI\u00d3N P\u00daBLICO mes\u00f3n<\/td>\n<td width=\"159\">Francisco Lara Sariego<\/td>\n<td valign=\"top\" width=\"108\">(022) 4306155<\/td>\n<\/tr>\n<tr>\n<td width=\"253\">OFICIAL DE SALA<\/td>\n<td width=\"159\">Marcia Maldonado Castillo<\/td>\n<td valign=\"top\" width=\"108\">(022) 4306160<\/td>\n<\/tr>\n<\/tbody>\n<\/table>\n","protected":false},"excerpt":{"rendered":"<p>\u00a0 CARGO FUNCIONARIO TEL\u00c9FONO JUEZ TITULAR Francisco Villarroel Faba SECRETARIO ABOGADO Luis Castillo Orellana (022) 4306164 OFICIAL PRIMERO Y ACTUARIO (accidente de Tr\u00e1nsito) Claudia Merino Rubio (022) 4306159 ACTUARIO\u00a0(accidente de Tr\u00e1nsito, protecci\u00f3n al consumidor) Ang\u00e9lica Hern\u00e1ndez Oyarz\u00fan (022) 4306158 ACTUARIO\u00a0(lInf. Ordenanza Municipal y D.L. N\u00ba 3063 Ley de Rentas Municipales, y acum. de infracciones) Katherine<\/p>\n<div class=\"read-more\"><a href=\"https:\/\/pruebas-portal.mph.cl\/?page_id=10508\" title=\"Read More\">Read More<\/a><\/div>\n","protected":false},"author":5,"featured_media":0,"parent":41,"menu_order":0,"comment_status":"open","ping_status":"open","template":"","meta":{"footnotes":""},"_links":{"self":[{"href":"https:\/\/pruebas-portal.mph.cl\/index.php?rest_route=\/wp\/v2\/pages\/10508"}],"collection":[{"href":"https:\/\/pruebas-portal.mph.cl\/index.php?rest_route=\/wp\/v2\/pages"}],"about":[{"href":"https:\/\/pruebas-portal.mph.cl\/index.php?rest_route=\/wp\/v2\/types\/page"}],"author":[{"embeddable":true,"href":"https:\/\/pruebas-portal.mph.cl\/index.php?rest_route=\/wp\/v2\/users\/5"}],"replies":[{"embeddable":true,"href":"https:\/\/pruebas-portal.mph.cl\/index.php?rest_route=%2Fwp%2Fv2%2Fcomments&post=10508"}],"version-history":[{"count":4,"href":"https:\/\/pruebas-portal.mph.cl\/index.php?rest_route=\/wp\/v2\/pages\/10508\/revisions"}],"predecessor-version":[{"id":10530,"href":"https:\/\/pruebas-portal.mph.cl\/index.php?rest_route=\/wp\/v2\/pages\/10508\/revisions\/10530"}],"up":[{"embeddable":true,"href":"https:\/\/pruebas-portal.mph.cl\/index.php?rest_route=\/wp\/v2\/pages\/41"}],"wp:attachment":[{"href":"https:\/\/pruebas-portal.mph.cl\/index.php?rest_route=%2Fwp%2Fv2%2Fmedia&parent=10508"}],"curies":[{"name":"wp","href":"https:\/\/api.w.org\/{rel}","templated":true}]}}