{"id":10655,"date":"2015-06-14T07:16:07","date_gmt":"2015-06-14T07:16:07","guid":{"rendered":"https:\/\/pruebas-portal.mph.cl\/?page_id=10655"},"modified":"2021-08-13T09:48:28","modified_gmt":"2021-08-13T13:48:28","slug":"estadio-santa-rosa","status":"publish","type":"page","link":"https:\/\/pruebas-portal.mph.cl\/?page_id=10655","title":{"rendered":"Estadio Santa Rosa"},"content":{"rendered":"<h4><img decoding=\"async\" loading=\"lazy\" class=\"alignnone wp-image-15192\" src=\"https:\/\/pruebas-portal.mph.cl\/wp-content\/uploads\/2021\/07\/estadio-santa-rosa.jpg\" alt=\"\" width=\"537\" height=\"302\" srcset=\"https:\/\/pruebas-portal.mph.cl\/wp-content\/uploads\/2021\/07\/estadio-santa-rosa.jpg 1024w, https:\/\/pruebas-portal.mph.cl\/wp-content\/uploads\/2021\/07\/estadio-santa-rosa-300x169.jpg 300w, https:\/\/pruebas-portal.mph.cl\/wp-content\/uploads\/2021\/07\/estadio-santa-rosa-768x432.jpg 768w\" sizes=\"(max-width: 537px) 100vw, 537px\" \/><\/h4>\n<h4><\/h4>\n<h4>Administrado por: Director Ejecutivo Corporaci\u00f3n de Deportes. Se\u00f1or Julio Mu\u00f1oz.<\/h4>\n<p>Correo: \u00a0 deportes@mph.cl<\/p>\n<p>Tel\u00e9fono: 224306019<\/p>\n<p>-Cuenta con dos canchas de f\u00fatbol est\u00e1ndares FIFA, un gimnasio techado, ba\u00f1os, camarines y diferente infraestructura para desarrollar distintas disciplinas deportivas.<\/p>\n<p>&nbsp;<\/p>\n<p><iframe loading=\"lazy\" style=\"line-height: 1.5em; border: 0px;\" src=\"https:\/\/www.google.com\/maps\/embed?pb=!1m14!1m8!1m3!1d3026.0397997472232!2d-70.8033456!3d-33.559933799999996!3m2!1i1024!2i768!4f13.1!3m3!1m2!1s0x9662dd83ea2525f1%3A0xb6ae631df0cd0f27!2sCamino+A+Melipilla+980%2C+Padre+Hurtado%2C+Regi%C3%B3n+Metropolitana%2C+Chile!5e1!3m2!1ses!2s!4v1406512752532\" width=\"100%\" height=\"200\" frameborder=\"0\"><\/iframe><\/p>\n","protected":false},"excerpt":{"rendered":"<p>Administrado por: Director Ejecutivo Corporaci\u00f3n de Deportes. Se\u00f1or Julio Mu\u00f1oz. Correo: \u00a0 deportes@mph.cl Tel\u00e9fono: 224306019 -Cuenta con dos canchas de f\u00fatbol est\u00e1ndares FIFA, un gimnasio techado, ba\u00f1os, camarines y diferente infraestructura para desarrollar distintas disciplinas deportivas. &nbsp;<\/p>\n","protected":false},"author":5,"featured_media":0,"parent":52,"menu_order":0,"comment_status":"open","ping_status":"open","template":"","meta":{"footnotes":""},"_links":{"self":[{"href":"https:\/\/pruebas-portal.mph.cl\/index.php?rest_route=\/wp\/v2\/pages\/10655"}],"collection":[{"href":"https:\/\/pruebas-portal.mph.cl\/index.php?rest_route=\/wp\/v2\/pages"}],"about":[{"href":"https:\/\/pruebas-portal.mph.cl\/index.php?rest_route=\/wp\/v2\/types\/page"}],"author":[{"embeddable":true,"href":"https:\/\/pruebas-portal.mph.cl\/index.php?rest_route=\/wp\/v2\/users\/5"}],"replies":[{"embeddable":true,"href":"https:\/\/pruebas-portal.mph.cl\/index.php?rest_route=%2Fwp%2Fv2%2Fcomments&post=10655"}],"version-history":[{"count":12,"href":"https:\/\/pruebas-portal.mph.cl\/index.php?rest_route=\/wp\/v2\/pages\/10655\/revisions"}],"predecessor-version":[{"id":15977,"href":"https:\/\/pruebas-portal.mph.cl\/index.php?rest_route=\/wp\/v2\/pages\/10655\/revisions\/15977"}],"up":[{"embeddable":true,"href":"https:\/\/pruebas-portal.mph.cl\/index.php?rest_route=\/wp\/v2\/pages\/52"}],"wp:attachment":[{"href":"https:\/\/pruebas-portal.mph.cl\/index.php?rest_route=%2Fwp%2Fv2%2Fmedia&parent=10655"}],"curies":[{"name":"wp","href":"https:\/\/api.w.org\/{rel}","templated":true}]}}