{"id":10925,"date":"2015-07-16T23:08:16","date_gmt":"2015-07-16T23:08:16","guid":{"rendered":"https:\/\/pruebas-portal.mph.cl\/?page_id=10925"},"modified":"2015-07-16T23:09:11","modified_gmt":"2015-07-16T23:09:11","slug":"telefonos","status":"publish","type":"page","link":"https:\/\/pruebas-portal.mph.cl\/?page_id=10925","title":{"rendered":"Tel\u00e9fonos"},"content":{"rendered":"<table width=\"100%\" border=\"0\" cellspacing=\"0\" cellpadding=\"0\">\n<tbody>\n<tr>\n<td width=\"59%\"><strong>DEPARTAMENTO<\/strong><\/td>\n<td width=\"24%\"><strong>TELEFONO<\/strong><\/td>\n<td width=\"17%\"><strong>E-MAIL<\/strong><\/td>\n<\/tr>\n<tr>\n<td>ALCALD\u00cdA<\/td>\n<td>24306002<\/td>\n<td>alcaldia@mph.cl<\/td>\n<\/tr>\n<tr>\n<td>OBRAS<\/td>\n<td>24306012<\/td>\n<td>dom@mph.cl<\/td>\n<\/tr>\n<tr>\n<td>SECPLA<\/td>\n<td>24306026<\/td>\n<td>secpla@mph.cl<\/td>\n<\/tr>\n<tr>\n<td>TRANSITO<\/td>\n<td>2430 6086<\/td>\n<td>transito@mph.cl<\/td>\n<\/tr>\n<tr>\n<td>DIRECCI\u00d3N DE ADMINISTRACI\u00d3N Y FINANZAS<\/td>\n<td>2430 6070<\/td>\n<td>daf@mph.cl<\/td>\n<\/tr>\n<tr>\n<td>CORPORACI\u00d3N DE ASISTENCIA JUDICIAL<\/td>\n<td>2430 6134<\/td>\n<td><\/td>\n<\/tr>\n<tr>\n<td>EDUCACI\u00d3N<\/td>\n<td>2430 6114<\/td>\n<td>contacto@educacion.mph.cl<\/td>\n<\/tr>\n<tr>\n<td>SALUD<\/td>\n<td>2430 6124<\/td>\n<td>contacto@salud.mph.cl<\/td>\n<\/tr>\n<tr>\n<td>JUZGADO DE POLIC\u00cdA LOCAL<\/td>\n<td>2430 6155<\/td>\n<td>jpl@mph.cl<\/td>\n<\/tr>\n<tr>\n<td>OFICINA DE CONCEJALES<\/td>\n<td>2430 6060<\/td>\n<td>concejales@mph.cl<\/td>\n<\/tr>\n<tr>\n<td>OPERACIONES<\/td>\n<td>2430 6041<\/td>\n<td><\/td>\n<\/tr>\n<tr>\n<td>PROGRAMAS SOCIALES<\/td>\n<td>2430 6133<\/td>\n<td><\/td>\n<\/tr>\n<tr>\n<td>OFICINA DE PARTES<\/td>\n<td>2430 6006<\/td>\n<td>partes@mph.cl<\/td>\n<\/tr>\n<tr>\n<td>DIRECCI\u00d3N DE DESARROLLO COMUNITARIO<\/td>\n<td>2430 6096<\/td>\n<td>dideco@mph.cl<\/td>\n<\/tr>\n<tr>\n<td>OMIL<\/td>\n<td>25045092<\/td>\n<td><\/td>\n<\/tr>\n<tr>\n<td>SALUD AMBIENTAL:<\/td>\n<td><\/td>\n<td><\/td>\n<\/tr>\n<tr>\n<td>BIBLIOTECA MUNICIPAL<\/td>\n<td>225049939<\/td>\n<td><\/td>\n<\/tr>\n<tr>\n<td>RELACIONES PUBLICAS<\/td>\n<td>2430 6053<\/td>\n<td>rrrpp@mph.cl<\/td>\n<\/tr>\n<tr>\n<td>TESORER\u00cdA<\/td>\n<td>2430 6072<\/td>\n<td>tesoreria@mph.cl<\/td>\n<\/tr>\n<tr>\n<td>RENTAS<\/td>\n<td>2430 6079<\/td>\n<td><\/td>\n<\/tr>\n<\/tbody>\n<\/table>\n","protected":false},"excerpt":{"rendered":"<p>DEPARTAMENTO TELEFONO E-MAIL ALCALD\u00cdA 24306002 alcaldia@mph.cl OBRAS 24306012 dom@mph.cl SECPLA 24306026 secpla@mph.cl TRANSITO 2430 6086 transito@mph.cl DIRECCI\u00d3N DE ADMINISTRACI\u00d3N Y FINANZAS 2430 6070 daf@mph.cl CORPORACI\u00d3N DE ASISTENCIA JUDICIAL 2430 6134 EDUCACI\u00d3N 2430 6114 contacto@educacion.mph.cl SALUD 2430 6124 contacto@salud.mph.cl JUZGADO DE POLIC\u00cdA LOCAL 2430 6155 jpl@mph.cl OFICINA DE CONCEJALES 2430 6060 concejales@mph.cl OPERACIONES 2430 6041 PROGRAMAS<\/p>\n<div class=\"read-more\"><a href=\"https:\/\/pruebas-portal.mph.cl\/?page_id=10925\" title=\"Read More\">Read More<\/a><\/div>\n","protected":false},"author":5,"featured_media":0,"parent":0,"menu_order":0,"comment_status":"open","ping_status":"open","template":"","meta":{"footnotes":""},"_links":{"self":[{"href":"https:\/\/pruebas-portal.mph.cl\/index.php?rest_route=\/wp\/v2\/pages\/10925"}],"collection":[{"href":"https:\/\/pruebas-portal.mph.cl\/index.php?rest_route=\/wp\/v2\/pages"}],"about":[{"href":"https:\/\/pruebas-portal.mph.cl\/index.php?rest_route=\/wp\/v2\/types\/page"}],"author":[{"embeddable":true,"href":"https:\/\/pruebas-portal.mph.cl\/index.php?rest_route=\/wp\/v2\/users\/5"}],"replies":[{"embeddable":true,"href":"https:\/\/pruebas-portal.mph.cl\/index.php?rest_route=%2Fwp%2Fv2%2Fcomments&post=10925"}],"version-history":[{"count":2,"href":"https:\/\/pruebas-portal.mph.cl\/index.php?rest_route=\/wp\/v2\/pages\/10925\/revisions"}],"predecessor-version":[{"id":10927,"href":"https:\/\/pruebas-portal.mph.cl\/index.php?rest_route=\/wp\/v2\/pages\/10925\/revisions\/10927"}],"wp:attachment":[{"href":"https:\/\/pruebas-portal.mph.cl\/index.php?rest_route=%2Fwp%2Fv2%2Fmedia&parent=10925"}],"curies":[{"name":"wp","href":"https:\/\/api.w.org\/{rel}","templated":true}]}}