{"id":35,"date":"2014-07-20T07:27:02","date_gmt":"2014-07-20T07:27:02","guid":{"rendered":"http:\/\/2pc.cl\/plantilla_2\/?page_id=27"},"modified":"2022-04-14T10:27:42","modified_gmt":"2022-04-14T14:27:42","slug":"direccion-de-desarrollo-comunitario","status":"publish","type":"page","link":"https:\/\/pruebas-portal.mph.cl\/?page_id=35","title":{"rendered":"Direcci\u00f3n de Desarrollo Comunitario"},"content":{"rendered":"<p><b>Director: Nicol\u00e1s Kruger (nkruger@mph.cl)<\/b><\/p>\n<p>FONO: 22 430 6098<\/p>\n<h3>OBJETIVO<\/h3>\n<p>La Direcci\u00f3n de Desarrollo Comunitario, tiene como objetivo la promoci\u00f3n del desarrollo comunitario, el fortalecimiento de las organizaciones comunitarias y proponer y ejecutar medidas relacionadas con asistencia social, contingencia,\u00a0 capacitaci\u00f3n laboral, deporte y recreaci\u00f3n, promoci\u00f3n del empleo, fomento productivo local y turismo.<\/p>\n<h3>FUNCIONES<\/h3>\n<ul>\n<li>Asesorar al Alcalde \u00a0en la promoci\u00f3n del desarrollo comunitario.<\/li>\n<li>Evaluar cada uno de los requerimientos sociales de nuestros vecinos y entregar ayuda material, cuando amerite el caso, a los m\u00e1s necesitados de la comuna.<\/li>\n<li>Prestar asesor\u00eda t\u00e9cnica a las organizaciones comunitarias, fomentar su desarrollo y legalizaci\u00f3n, y promover su efectiva participaci\u00f3n en el progreso econ\u00f3mico, social y cultural de la comuna.<\/li>\n<li>Evaluar permanentemente los procedimientos empleados en la Direcci\u00f3n de manera tal que \u00e9stos se encuentren actualizados y est\u00e9n acordes con una buena gesti\u00f3n.<\/li>\n<li>Prestar el servicio dise\u00f1ado por el Sistema de Informaci\u00f3n Social seg\u00fan la normativa que lo regula y proporcionar datos estad\u00edsticos y\/o diagn\u00f3sticos sociales para necesidades generales de\u00a0 la\u00a0 Dideco\u00a0 o\u00a0 de\u00a0 la\u00a0 Municipalidad.<\/li>\n<li>Medir la eficiencia y\u00a0 observar el\u00a0 auto cuidado en las labores del personal de la Direcci\u00f3n.<\/li>\n<li>Cumplir las dem\u00e1s funciones que la Ley o la Autoridad instruya.<\/li>\n<\/ul>\n<p>&nbsp;<\/p>\n","protected":false},"excerpt":{"rendered":"<p>Director: Nicol\u00e1s Kruger (nkruger@mph.cl) FONO: 22 430 6098 OBJETIVO La Direcci\u00f3n de Desarrollo Comunitario, tiene como objetivo la promoci\u00f3n del desarrollo comunitario, el fortalecimiento de las organizaciones comunitarias y proponer y ejecutar medidas relacionadas con asistencia social, contingencia,\u00a0 capacitaci\u00f3n laboral, deporte y recreaci\u00f3n, promoci\u00f3n del empleo, fomento productivo local y turismo. FUNCIONES Asesorar al Alcalde<\/p>\n<div class=\"read-more\"><a href=\"https:\/\/pruebas-portal.mph.cl\/?page_id=35\" title=\"Read More\">Read More<\/a><\/div>\n","protected":false},"author":5,"featured_media":0,"parent":0,"menu_order":0,"comment_status":"open","ping_status":"open","template":"","meta":{"footnotes":""},"_links":{"self":[{"href":"https:\/\/pruebas-portal.mph.cl\/index.php?rest_route=\/wp\/v2\/pages\/35"}],"collection":[{"href":"https:\/\/pruebas-portal.mph.cl\/index.php?rest_route=\/wp\/v2\/pages"}],"about":[{"href":"https:\/\/pruebas-portal.mph.cl\/index.php?rest_route=\/wp\/v2\/types\/page"}],"author":[{"embeddable":true,"href":"https:\/\/pruebas-portal.mph.cl\/index.php?rest_route=\/wp\/v2\/users\/5"}],"replies":[{"embeddable":true,"href":"https:\/\/pruebas-portal.mph.cl\/index.php?rest_route=%2Fwp%2Fv2%2Fcomments&post=35"}],"version-history":[{"count":11,"href":"https:\/\/pruebas-portal.mph.cl\/index.php?rest_route=\/wp\/v2\/pages\/35\/revisions"}],"predecessor-version":[{"id":17982,"href":"https:\/\/pruebas-portal.mph.cl\/index.php?rest_route=\/wp\/v2\/pages\/35\/revisions\/17982"}],"wp:attachment":[{"href":"https:\/\/pruebas-portal.mph.cl\/index.php?rest_route=%2Fwp%2Fv2%2Fmedia&parent=35"}],"curies":[{"name":"wp","href":"https:\/\/api.w.org\/{rel}","templated":true}]}}