{"id":48,"date":"2014-07-20T15:46:15","date_gmt":"2014-07-20T15:46:15","guid":{"rendered":"http:\/\/2pc.cl\/plantilla_2\/?page_id=48"},"modified":"2023-01-09T15:40:10","modified_gmt":"2023-01-09T19:40:10","slug":"alcalde","status":"publish","type":"page","link":"https:\/\/pruebas-portal.mph.cl\/?page_id=48","title":{"rendered":"Alcalde"},"content":{"rendered":"<p><a href=\"https:\/\/pruebas-portal.mph.cl\/wp-content\/uploads\/2022\/05\/WhatsApp-Image-2022-05-16-at-9.35.50-AM.jpeg\"><img decoding=\"async\" loading=\"lazy\" class=\"wp-image-18037 size-large aligncenter\" src=\"https:\/\/pruebas-portal.mph.cl\/wp-content\/uploads\/2022\/05\/WhatsApp-Image-2022-05-16-at-9.35.50-AM-1024x682.jpeg\" alt=\"\" width=\"702\" height=\"468\" srcset=\"https:\/\/pruebas-portal.mph.cl\/wp-content\/uploads\/2022\/05\/WhatsApp-Image-2022-05-16-at-9.35.50-AM-1024x682.jpeg 1024w, https:\/\/pruebas-portal.mph.cl\/wp-content\/uploads\/2022\/05\/WhatsApp-Image-2022-05-16-at-9.35.50-AM-300x200.jpeg 300w, https:\/\/pruebas-portal.mph.cl\/wp-content\/uploads\/2022\/05\/WhatsApp-Image-2022-05-16-at-9.35.50-AM-768x512.jpeg 768w, https:\/\/pruebas-portal.mph.cl\/wp-content\/uploads\/2022\/05\/WhatsApp-Image-2022-05-16-at-9.35.50-AM.jpeg 1280w\" sizes=\"(max-width: 702px) 100vw, 702px\" \/><\/a><\/p>\n<p>&nbsp;<\/p>\n<p><strong>Felipe Luis Mu\u00f1oz Heredia<\/strong><\/p>\n<p>Alcalde de la Municipalidad de Padre Hurtado<\/p>\n<p><strong>BIOGRAF\u00cdA:<\/strong><\/p>\n<p><strong>Felipe Mu\u00f1oz Heredia, nace en la comuna de Padre Hurtado espec\u00edficamente en la Villa Los Silos. Es hijo de Bernardita Heredia\u00a0 y de Guillermo Mu\u00f1oz, siendo el tercero de cinco hermanos. Tiene un hijo llamado Jorge.<\/strong><\/p>\n<p><strong>La ense\u00f1anza b\u00e1sica la realiza en el colegio Benjam\u00edn Vergara, posteriormente, sus estudios medios\u00a0 los llev\u00f3 a cabo en el colegio Alberto Hurtado Cruchaga. <\/strong><\/p>\n<p><strong>Su juventud estuvo marcada por\u00a0 el servicio social siendo parte de diferentes proyectos, que buscaron aportar al desarrollo de Padre Hurtado.<\/strong><\/p>\n<p><strong>Este\u00a0 voluntariado que realiz\u00f3 en conjunto con vecinas y vecinos y toda una generaci\u00f3n de j\u00f3venes, se vio reflejado en la primera Biblioteca P\u00fablica, la primera radio comunal, adem\u00e1s de diferentes trabajos sociales realizados \u00edntegramente en el territorio y en la Parroquia San Ignacio de Loyola.<\/strong><\/p>\n<p><strong>Su\u00a0 vocaci\u00f3n, acompa\u00f1ado de un gran esp\u00edritu de servicio lo lleva a estudiar la carrera de Trabajador Social. Desarroll\u00e1ndose inicialmente en el Servicio de Salud Occidente para posteriormente pasar a la salud primaria en el CESFAM de El Monte, asumiendo el desaf\u00edo de jefe de SOME durante la pandemia de COVID-19.<\/strong><\/p>\n<p><strong>Es militante del Partido Socialista de Chile, donde fue Vicepresidente Nacional de la Juventud Socialista de Chile.<\/strong><\/p>\n<p><strong>Como pol\u00edtico, realiz\u00f3 su primera carrera a la Alcald\u00eda el a\u00f1o 2016, obteniendo el segundo lugar de las preferencias, para posteriormente el 2021 ser electo acalde\u00a0 de Padre Hurtado.<\/strong><\/p>\n<p><strong>Su anhelo es mejorar la calidad de vida de todos los habitantes de la comuna, con el objetivo de mejorar los \u00edndices de vivienda, espacios p\u00fablicos, cultura, educaci\u00f3n, seguridad p\u00fablica, deporte, salud, desarrollo social y comunal, protecci\u00f3n a la infancia y a nuestros adultos mayores. Tambi\u00e9n, se plantea el objetivo de resguardar nuestro medio ambiente, enfocado en la riqueza de nuestros sectores rurales.<\/strong><\/p>\n<p><strong>Todo esto a trav\u00e9s de una alcald\u00eda de puertas abiertas, consultiva y con \u00e9nfasis en la participaci\u00f3n ciudadana. El lema del alcalde Felipe Mu\u00f1oz Heredia es #PadreHurtadoSomosTodos y ese es el cometido que ha instruido a todo los funcionarios y funcionarias de nuestra comuna. <\/strong><\/p>\n<p>Instagram: <a href=\"https:\/\/www.instagram.com\/felipemunozheredia\/\">https:\/\/www.instagram.com\/felipemunozheredia\/<\/a><\/p>\n<p>Facebook: <a href=\"https:\/\/www.facebook.com\/felipemunozheredia\/?ref=pages_you_manage\">https:\/\/www.facebook.com\/felipemunozheredia\/?ref=pages_you_manage<\/a><\/p>\n<p>&nbsp;<\/p>\n<p>&nbsp;<\/p>\n<p>&nbsp;<\/p>\n","protected":false},"excerpt":{"rendered":"<p>&nbsp; Felipe Luis Mu\u00f1oz Heredia Alcalde de la Municipalidad de Padre Hurtado BIOGRAF\u00cdA: Felipe Mu\u00f1oz Heredia, nace en la comuna de Padre Hurtado espec\u00edficamente en la Villa Los Silos. Es hijo de Bernardita Heredia\u00a0 y de Guillermo Mu\u00f1oz, siendo el tercero de cinco hermanos. Tiene un hijo llamado Jorge. La ense\u00f1anza b\u00e1sica la realiza en<\/p>\n<div class=\"read-more\"><a href=\"https:\/\/pruebas-portal.mph.cl\/?page_id=48\" title=\"Read More\">Read More<\/a><\/div>\n","protected":false},"author":5,"featured_media":0,"parent":40,"menu_order":0,"comment_status":"open","ping_status":"open","template":"","meta":{"footnotes":""},"_links":{"self":[{"href":"https:\/\/pruebas-portal.mph.cl\/index.php?rest_route=\/wp\/v2\/pages\/48"}],"collection":[{"href":"https:\/\/pruebas-portal.mph.cl\/index.php?rest_route=\/wp\/v2\/pages"}],"about":[{"href":"https:\/\/pruebas-portal.mph.cl\/index.php?rest_route=\/wp\/v2\/types\/page"}],"author":[{"embeddable":true,"href":"https:\/\/pruebas-portal.mph.cl\/index.php?rest_route=\/wp\/v2\/users\/5"}],"replies":[{"embeddable":true,"href":"https:\/\/pruebas-portal.mph.cl\/index.php?rest_route=%2Fwp%2Fv2%2Fcomments&post=48"}],"version-history":[{"count":14,"href":"https:\/\/pruebas-portal.mph.cl\/index.php?rest_route=\/wp\/v2\/pages\/48\/revisions"}],"predecessor-version":[{"id":18728,"href":"https:\/\/pruebas-portal.mph.cl\/index.php?rest_route=\/wp\/v2\/pages\/48\/revisions\/18728"}],"up":[{"embeddable":true,"href":"https:\/\/pruebas-portal.mph.cl\/index.php?rest_route=\/wp\/v2\/pages\/40"}],"wp:attachment":[{"href":"https:\/\/pruebas-portal.mph.cl\/index.php?rest_route=%2Fwp%2Fv2%2Fmedia&parent=48"}],"curies":[{"name":"wp","href":"https:\/\/api.w.org\/{rel}","templated":true}]}}